{"id":32,"date":"2018-01-10T11:25:13","date_gmt":"2018-01-10T10:25:13","guid":{"rendered":"https:\/\/urgences.unfm.org\/site\/?page_id=32"},"modified":"2024-01-30T15:26:36","modified_gmt":"2024-01-30T14:26:36","slug":"les-cours","status":"publish","type":"page","link":"https:\/\/urgences.unfm.org\/site\/les-cours\/","title":{"rendered":"Les cours"},"content":{"rendered":"<div id=\"pl-32\"  class=\"panel-layout\" ><div id=\"pg-32-0\"  class=\"panel-grid panel-no-style\" ><div id=\"pgc-32-0-0\"  class=\"panel-grid-cell\" ><div id=\"panel-32-0-0-0\" class=\"so-panel widget widget_black-studio-tinymce widget_black_studio_tinymce panel-first-child panel-last-child\" data-index=\"0\" ><div class=\"textwidget\"><p><strong>Les cours se composent de plusieurs supports p\u00e9dagogiques traitant d'un th\u00e8me de m\u00e9decine d'urgence.<\/strong><\/p>\n<p><strong>Chaque cours comprend :<\/strong><\/p>\n<ul>\n<li>une pr\u00e9sentation vid\u00e9o de courte dur\u00e9e (5 \u00e0 15 minutes)<\/li>\n<li>un questionnaire \u00e0 choix multiple (QCM) s'y rapportant<\/li>\n<li>des supports p\u00e9dagogiques compl\u00e9mentaires (texte, chapitre du guide, cas clinique...)<\/li>\n<\/ul>\n<p>Chaque cours peut \u00eatre t\u00e9l\u00e9charg\u00e9 pour \u00eatre \u00e9tudi\u00e9 hors connexion. Le syst\u00e8me fonctionne en bas d\u00e9bit et peut \u00eatre suivi sur ordinateur ou sur mobile.<\/p>\n<p>En compl\u00e9ment de ces modules en ligne, des webinaires interactifs seront organis\u00e9s afin d'\u00e9changer avec les formateurs sur des th\u00e8mes pr\u00e9cis.<\/p>\n<\/div><\/div><\/div><\/div><div id=\"pg-32-1\"  class=\"panel-grid panel-no-style\" ><div id=\"pgc-32-1-0\"  class=\"panel-grid-cell\" ><div id=\"panel-32-1-0-0\" class=\"so-panel widget widget_black-studio-tinymce widget_black_studio_tinymce panel-first-child panel-last-child\" data-index=\"1\" ><div class=\"textwidget\"><p><a href=\"https:\/\/urgences.unfm.org\/site\/1-principes-des-soins-de-sante-durgence-de-1ere-ligne\/\"><img loading=\"lazy\" decoding=\"async\" class=\"alignnone size-full wp-image-1009\" src=\"https:\/\/urgences.unfm.org\/site\/wp-content\/uploads\/1-soins-de-sante.png\" alt=\"\" width=\"300\" height=\"190\" \/><\/a><\/p>\n<\/div><\/div><\/div><div id=\"pgc-32-1-1\"  class=\"panel-grid-cell\" ><div id=\"panel-32-1-1-0\" class=\"so-panel widget widget_black-studio-tinymce widget_black_studio_tinymce panel-first-child panel-last-child\" data-index=\"2\" ><div class=\"textwidget\"><p><a href=\"https:\/\/urgences.unfm.org\/site\/2-riposte-face-a-lepidemie-de-covid-19\/\"><img loading=\"lazy\" decoding=\"async\" class=\"alignnone size-full wp-image-1010\" src=\"https:\/\/urgences.unfm.org\/site\/wp-content\/uploads\/2-COVID-19.png\" alt=\"\" width=\"300\" height=\"190\" \/><\/a><\/p>\n<\/div><\/div><\/div><div id=\"pgc-32-1-2\"  class=\"panel-grid-cell\" ><div id=\"panel-32-1-2-0\" class=\"so-panel widget widget_black-studio-tinymce widget_black_studio_tinymce panel-first-child panel-last-child\" data-index=\"3\" ><div class=\"textwidget\"><p><a href=\"https:\/\/urgences.unfm.org\/site\/3-conditionnement-du-patient-et-lutte-contre-la-douleur\/\"><img loading=\"lazy\" decoding=\"async\" class=\"alignnone size-full wp-image-872\" src=\"https:\/\/urgences.unfm.org\/site\/wp-content\/uploads\/3_lutte-contre-douleur.png\" alt=\"\" width=\"300\" height=\"190\" \/><\/a><\/p>\n<\/div><\/div><\/div><\/div><div id=\"pg-32-2\"  class=\"panel-grid panel-no-style\" ><div id=\"pgc-32-2-0\"  class=\"panel-grid-cell\" ><div id=\"panel-32-2-0-0\" class=\"so-panel widget widget_black-studio-tinymce widget_black_studio_tinymce panel-first-child panel-last-child\" data-index=\"4\" ><div class=\"textwidget\"><p><a href=\"https:\/\/urgences.unfm.org\/site\/4-urgences-respiratoires\/\"><img loading=\"lazy\" decoding=\"async\" class=\"alignnone size-full wp-image-1012\" src=\"https:\/\/urgences.unfm.org\/site\/wp-content\/uploads\/4-Urgences-respiratioires.png\" alt=\"\" width=\"300\" height=\"190\" \/><\/a><\/p>\n<\/div><\/div><\/div><div id=\"pgc-32-2-1\"  class=\"panel-grid-cell\" ><div id=\"panel-32-2-1-0\" class=\"so-panel widget widget_black-studio-tinymce widget_black_studio_tinymce panel-first-child panel-last-child\" data-index=\"5\" ><div class=\"textwidget\"><p><a href=\"https:\/\/urgences.unfm.org\/site\/5-urgences-cardiovasculaires\/\"><img loading=\"lazy\" decoding=\"async\" class=\"alignnone size-full wp-image-1013\" src=\"https:\/\/urgences.unfm.org\/site\/wp-content\/uploads\/5-UR-CARDIO.png\" alt=\"\" width=\"300\" height=\"190\" \/><\/a><\/p>\n<\/div><\/div><\/div><div id=\"pgc-32-2-2\"  class=\"panel-grid-cell\" ><div id=\"panel-32-2-2-0\" class=\"so-panel widget widget_black-studio-tinymce widget_black_studio_tinymce panel-first-child panel-last-child\" data-index=\"6\" ><div class=\"textwidget\"><p><a href=\"https:\/\/urgences.unfm.org\/site\/6-urgences-neurologiques\/\"><img loading=\"lazy\" decoding=\"async\" class=\"alignnone size-full wp-image-1014\" src=\"https:\/\/urgences.unfm.org\/site\/wp-content\/uploads\/6-UR-NEURO.png\" alt=\"\" width=\"300\" height=\"190\" \/><\/a><\/p>\n<\/div><\/div><\/div><\/div><div id=\"pg-32-3\"  class=\"panel-grid panel-no-style\" ><div id=\"pgc-32-3-0\"  class=\"panel-grid-cell\" ><div id=\"panel-32-3-0-0\" class=\"so-panel widget widget_black-studio-tinymce widget_black_studio_tinymce panel-first-child panel-last-child\" data-index=\"7\" ><div class=\"textwidget\"><p><a href=\"https:\/\/urgences.unfm.org\/site\/7-urgences-et-maladies-infectieuses\/\"><img loading=\"lazy\" decoding=\"async\" class=\"alignnone size-full wp-image-1015\" src=\"https:\/\/urgences.unfm.org\/site\/wp-content\/uploads\/7-Maladies-infectueuses.png\" alt=\"\" width=\"300\" height=\"190\" \/><\/a><\/p>\n<\/div><\/div><\/div><div id=\"pgc-32-3-1\"  class=\"panel-grid-cell\" ><div id=\"panel-32-3-1-0\" class=\"so-panel widget widget_black-studio-tinymce widget_black_studio_tinymce panel-first-child panel-last-child\" data-index=\"8\" ><div class=\"textwidget\"><p><a href=\"https:\/\/urgences.unfm.org\/site\/8-urgences-et-drepanocytose\/\"><img loading=\"lazy\" decoding=\"async\" class=\"alignnone size-full wp-image-1016\" src=\"https:\/\/urgences.unfm.org\/site\/wp-content\/uploads\/8-UR-drepano.png\" alt=\"\" width=\"300\" height=\"190\" \/><\/a><\/p>\n<\/div><\/div><\/div><div id=\"pgc-32-3-2\"  class=\"panel-grid-cell\" ><div id=\"panel-32-3-2-0\" class=\"so-panel widget widget_black-studio-tinymce widget_black_studio_tinymce panel-first-child panel-last-child\" data-index=\"9\" ><div class=\"textwidget\"><p><a href=\"https:\/\/urgences.unfm.org\/site\/9-urgences-pediatriques\/\"><img loading=\"lazy\" decoding=\"async\" class=\"alignnone size-full wp-image-1017\" src=\"https:\/\/urgences.unfm.org\/site\/wp-content\/uploads\/9-UR-PEDIATRIQUE.png\" alt=\"\" width=\"300\" height=\"190\" \/><\/a><\/p>\n<\/div><\/div><\/div><\/div><div id=\"pg-32-4\"  class=\"panel-grid panel-no-style\" ><div id=\"pgc-32-4-0\"  class=\"panel-grid-cell\" ><div id=\"panel-32-4-0-0\" class=\"so-panel widget widget_black-studio-tinymce widget_black_studio_tinymce panel-first-child panel-last-child\" data-index=\"10\" ><div class=\"textwidget\"><p><a href=\"https:\/\/urgences.unfm.org\/site\/10-soins-durgence-en-traumatologie\/\"><img loading=\"lazy\" decoding=\"async\" class=\"alignnone size-full wp-image-1018\" src=\"https:\/\/urgences.unfm.org\/site\/wp-content\/uploads\/10-TRAUMATO.png\" alt=\"\" width=\"300\" height=\"190\" \/><\/a><\/p>\n<\/div><\/div><\/div><div id=\"pgc-32-4-1\"  class=\"panel-grid-cell\" ><div id=\"panel-32-4-1-0\" class=\"so-panel widget widget_black-studio-tinymce widget_black_studio_tinymce panel-first-child panel-last-child\" data-index=\"11\" ><div class=\"textwidget\"><\/div><\/div><\/div><div id=\"pgc-32-4-2\"  class=\"panel-grid-cell\" ><div id=\"panel-32-4-2-0\" class=\"so-panel widget widget_black-studio-tinymce widget_black_studio_tinymce panel-first-child panel-last-child\" data-index=\"12\" ><div class=\"textwidget\"><\/div><\/div><\/div><\/div><\/div><script type=\"text\/javascript\">tagSinglePost(32);<\/script>","protected":false},"excerpt":{"rendered":"<p>Les cours se composent de plusieurs supports p\u00e9dagogiques traitant d&rsquo;un th\u00e8me de m\u00e9decine d&rsquo;urgence. Chaque cours comprend : une pr\u00e9sentation vid\u00e9o de courte dur\u00e9e (5 \u00e0 15 minutes) un questionnaire \u00e0 choix multiple (QCM) s&rsquo;y rapportant des supports p\u00e9dagogiques compl\u00e9mentaires (texte, chapitre du guide, cas clinique&#8230;) Chaque cours peut \u00eatre t\u00e9l\u00e9charg\u00e9 pour \u00eatre \u00e9tudi\u00e9 hors [&hellip;]<\/p>\n","protected":false},"author":7,"featured_media":0,"parent":0,"menu_order":0,"comment_status":"closed","ping_status":"closed","template":"","meta":{"footnotes":""},"class_list":["post-32","page","type-page","status-publish","hentry","post"],"_links":{"self":[{"href":"https:\/\/urgences.unfm.org\/site\/wp-json\/wp\/v2\/pages\/32","targetHints":{"allow":["GET"]}}],"collection":[{"href":"https:\/\/urgences.unfm.org\/site\/wp-json\/wp\/v2\/pages"}],"about":[{"href":"https:\/\/urgences.unfm.org\/site\/wp-json\/wp\/v2\/types\/page"}],"author":[{"embeddable":true,"href":"https:\/\/urgences.unfm.org\/site\/wp-json\/wp\/v2\/users\/7"}],"replies":[{"embeddable":true,"href":"https:\/\/urgences.unfm.org\/site\/wp-json\/wp\/v2\/comments?post=32"}],"version-history":[{"count":0,"href":"https:\/\/urgences.unfm.org\/site\/wp-json\/wp\/v2\/pages\/32\/revisions"}],"wp:attachment":[{"href":"https:\/\/urgences.unfm.org\/site\/wp-json\/wp\/v2\/media?parent=32"}],"curies":[{"name":"wp","href":"https:\/\/api.w.org\/{rel}","templated":true}]}}